{"id":1926,"date":"2024-04-24T20:13:40","date_gmt":"2024-04-24T20:13:40","guid":{"rendered":"https:\/\/www.fraiserfromiptoinnovation.com\/?page_id=1926"},"modified":"2024-06-01T16:48:41","modified_gmt":"2024-06-01T16:48:41","slug":"inteligencia-competitiva","status":"publish","type":"page","link":"https:\/\/www.fraiserfromiptoinnovation.com\/index.php\/servicios\/inteligencia-competitiva\/","title":{"rendered":"INTELIGENCIA COMPETITIVA"},"content":{"rendered":"<p>INTELIGENCIA COMPETITIVA Es un programa sistem\u00e1tico para identificar, recolectar y analizar informaci\u00f3n sobre el entorno y las actividades propias de la organizaci\u00f3n (respecto a su sector), as\u00ed como para utilizar oportunamente tal informaci\u00f3n para la toma de decisiones. <a href=\"https:\/\/www.fraiserfromiptoinnovation.com\/index.php\/servicios\/inteligencia-competitiva\/\" title=\"Read more on INTELIGENCIA COMPETITIVA\" class=\"more-link\">read more<\/a><\/p>\n","protected":false},"excerpt":{"rendered":"<p>INTELIGENCIA COMPETITIVA Es un programa sistem\u00e1tico para identificar, recolectar y analizar informaci\u00f3n sobre el entorno y las actividades propias de la organizaci\u00f3n (respecto a su sector), as\u00ed como para utilizar oportunamente tal informaci\u00f3n para la toma de decisiones. read more<\/p>\n","protected":false},"author":1,"featured_media":0,"parent":1516,"menu_order":0,"comment_status":"closed","ping_status":"closed","template":"","meta":{"footnotes":""},"class_list":["post-1926","page","type-page","status-publish","hentry","no-thumb"],"_links":{"self":[{"href":"https:\/\/www.fraiserfromiptoinnovation.com\/index.php\/wp-json\/wp\/v2\/pages\/1926","targetHints":{"allow":["GET"]}}],"collection":[{"href":"https:\/\/www.fraiserfromiptoinnovation.com\/index.php\/wp-json\/wp\/v2\/pages"}],"about":[{"href":"https:\/\/www.fraiserfromiptoinnovation.com\/index.php\/wp-json\/wp\/v2\/types\/page"}],"author":[{"embeddable":true,"href":"https:\/\/www.fraiserfromiptoinnovation.com\/index.php\/wp-json\/wp\/v2\/users\/1"}],"replies":[{"embeddable":true,"href":"https:\/\/www.fraiserfromiptoinnovation.com\/index.php\/wp-json\/wp\/v2\/comments?post=1926"}],"version-history":[{"count":10,"href":"https:\/\/www.fraiserfromiptoinnovation.com\/index.php\/wp-json\/wp\/v2\/pages\/1926\/revisions"}],"predecessor-version":[{"id":2078,"href":"https:\/\/www.fraiserfromiptoinnovation.com\/index.php\/wp-json\/wp\/v2\/pages\/1926\/revisions\/2078"}],"up":[{"embeddable":true,"href":"https:\/\/www.fraiserfromiptoinnovation.com\/index.php\/wp-json\/wp\/v2\/pages\/1516"}],"wp:attachment":[{"href":"https:\/\/www.fraiserfromiptoinnovation.com\/index.php\/wp-json\/wp\/v2\/media?parent=1926"}],"curies":[{"name":"wp","href":"https:\/\/api.w.org\/{rel}","templated":true}]}}